{"id":16,"date":"2025-08-07T09:53:42","date_gmt":"2025-08-07T09:53:42","guid":{"rendered":"https:\/\/www.gemeinschaftspraxis-wemmetsweiler.de\/?page_id=16"},"modified":"2025-11-12T10:42:26","modified_gmt":"2025-11-12T10:42:26","slug":"unser-team","status":"publish","type":"page","link":"https:\/\/www.gemeinschaftspraxis-wemmetsweiler.de\/?page_id=16","title":{"rendered":"Dr Wilhelm Schwenk\u200b"},"content":{"rendered":"<div class=\"\" style=\"\" >\n    \n    <section class=\"u-clearfix u-section-2\" id=\"block-1\">\n      <div class=\"u-clearfix u-sheet u-sheet-1\">\n        <div class=\"custom-expanded u-container-style u-expanded-width-lg u-expanded-width-xl u-grey-10 u-group u-radius u-group-1\">\n          <div class=\"u-container-layout u-container-layout-1\">\n            <p class=\"u-text u-text-default u-text-1\"> Dr. med. Ruth Wilhelm-Schwenk <\/p>\n            <p class=\"u-text u-text-2\"> Studium der Medizin an der Universit\u00e4t des Saarlandes, Homburg, Abschluss: \u00c4rztliche Pr\u00fcfung (12.10.1995-30.10.2001) <br>\n              <br><span style=\"font-weight: 700;\">Praktisches Jahr:<\/span>\n            <\/p>\n            <ol class=\"u-text u-text-3\">\n              <li> Tertial P\u00e4diatrie in der Kinderklinik Kohlhof<\/li>\n              <li>Tertial Urologische Chirurgie an der Universit\u00e4tsklinik und Transplantationszentrum Nancy<\/li>\n              <li>Tertial Innere Medizin im St\u00e4dtischen Krankenhaus Neunkirchen<\/li>\n            <\/ol>\n            <img decoding=\"async\" class=\"u-border-2 u-border-grey-75 u-image u-image-round u-radius u-image-1\" src=\"https:\/\/www.gemeinschaftspraxis-wemmetsweiler.de\/wp-content\/uploads\/2025\/10\/267ff4a5-6698-485c-9e1c-b0e7168d9f23850.webp\" alt=\"\" data-image-width=\"567\" data-image-height=\"850\">\n            <p class=\"u-text u-text-4\"> Klinikum Saarbr\u00fccken Facharztausbildung Innere Medizin<\/p>\n            <ul class=\"u-text u-text-5\">\n              <li> 6 Jahre Medizinische Klinik I (Gastroenterologie, Hepatologie, Stoffwechsel- und Infektionskrankheiten, Psychosomatik), dort fundierte Ausbildung in Sonographie (Abdomen, Schilddr\u00fcse, Gef\u00e4\u00dfe) und Endoskopie (Gastroskopie, Coloscopie),<\/li>\n              <li>davon:1 Jahr Stations\u00e4rztin auf der Infektionsstation (Behandlung von Tuberkulose, HIV, Tropenkrankheiten)<\/li>\n              <li>2 Jahre Stations\u00e4rztin auf der H\u00e4matoonkologie (Betreuung von Krebspatienten, Durchf\u00fchrung von Chemotherapie in Zusammenarbeit mit der h\u00e4matoonkoogischen Praxis Dres. Jacobs\/Daus\/Schmits)<\/li>\n              <li>2 Jahre Medizinische Klinik II (Kardiologie, Pulmonologie und Intensivmedizin), davon 22 Monate internistisch-neurologische Intensivstation<\/li>\n              <li>6 Jahre Ausbildung zur Psychotherapie bei PD Dr. med. W. H\u00e4user, dort Betreuung von internistisch-psychosomatischen Erkrankungen, Behandlung von Schmerzpatienten, Palliativmedizin, Grundausbildung in medizinischer Hypnose, eigenst\u00e4ndige Durchf\u00fchrung von Schmerzbew\u00e4ltigungstraining f\u00fcr chronische Schmerzpatienten (insbes. Fibromyalgiesyndrom)Beispieltext. Klicke, um das Textelement auszuw\u00e4hlen.<\/li>\n            <\/ul>\n            <p class=\"u-text u-text-6\"> Zusatzqualifikation<\/p>\n            <ul class=\"u-text u-text-7\">\n              <li> Promotion zur Doktorin der Medizin (Untersuchungen \u00fcber die Ver\u00e4nderung des Riechverm\u00f6gens nach Nasennebenh\u00f6hlen) (16.04.2008)<\/li>\n              <li>Zusatzbezeichnung Notfallmedizin (29.06.2005)<\/li>\n              <li>Fach\u00e4rztin f\u00fcr Innere Medizin (28.04.2008)<\/li>\n              <li>Fachgebundene Psychotherapie (23.09.2009)<\/li>\n              <li>Sportmedizin (20.09.2016)<\/li>\n              <li>Ehrenamtliche T\u00e4tigkeit Vorstandsmitglied im DRK Ortsverband Wemmetsweiler (Vereins\u00e4rztin)<\/li>\n              <li>Zusatzbezeichnung Palliativmedizin (Februar 2024)<\/li>\n            <\/ul>\n          <\/div>\n        <\/div>\n      <\/div>\n    <\/section>\n    \n    \n    \n  \n<\/div>","protected":false},"excerpt":{"rendered":"<p>Dr. med. Ruth Wilhelm-Schwenk Studium der Medizin an der Universit\u00e4t des Saarlandes, Homburg, Abschluss: \u00c4rztliche Pr\u00fcfung (12.10.1995-30.10.2001) Praktisches Jahr: Tertial P\u00e4diatrie in der Kinderklinik Kohlhof Tertial Urologische Chirurgie an der Universit\u00e4tsklinik und Transplantationszentrum Nancy Tertial Innere Medizin im St\u00e4dtischen Krankenhaus Neunkirchen Klinikum Saarbr\u00fccken Facharztausbildung Innere Medizin 6 Jahre Medizinische Klinik I (Gastroenterologie, Hepatologie, Stoffwechsel- und [&hellip;]<\/p>\n","protected":false},"author":2,"featured_media":0,"parent":0,"menu_order":0,"comment_status":"closed","ping_status":"closed","template":"","meta":{"footnotes":""},"class_list":["post-16","page","type-page","status-publish","hentry"],"yoast_head":"<!-- This site is optimized with the Yoast SEO plugin v26.3 - https:\/\/yoast.com\/wordpress\/plugins\/seo\/ -->\n<title>Dr Wilhelm Schwenk\u200b - Gemeinschaftspraxis Wemmetsweiler<\/title>\n<meta name=\"robots\" content=\"index, follow, max-snippet:-1, max-image-preview:large, max-video-preview:-1\" \/>\n<link rel=\"canonical\" href=\"https:\/\/www.gemeinschaftspraxis-wemmetsweiler.de\/?page_id=16\" \/>\n<meta property=\"og:locale\" content=\"de_DE\" \/>\n<meta property=\"og:type\" content=\"article\" \/>\n<meta property=\"og:title\" content=\"Dr Wilhelm Schwenk\u200b - Gemeinschaftspraxis Wemmetsweiler\" \/>\n<meta property=\"og:description\" content=\"Dr. med. Ruth Wilhelm-Schwenk Studium der Medizin an der Universit\u00e4t des Saarlandes, Homburg, Abschluss: \u00c4rztliche Pr\u00fcfung (12.10.1995-30.10.2001) Praktisches Jahr: Tertial P\u00e4diatrie in der Kinderklinik Kohlhof Tertial Urologische Chirurgie an der Universit\u00e4tsklinik und Transplantationszentrum Nancy Tertial Innere Medizin im St\u00e4dtischen Krankenhaus Neunkirchen Klinikum Saarbr\u00fccken Facharztausbildung Innere Medizin 6 Jahre Medizinische Klinik I (Gastroenterologie, Hepatologie, Stoffwechsel- und [&hellip;]\" \/>\n<meta property=\"og:url\" content=\"https:\/\/www.gemeinschaftspraxis-wemmetsweiler.de\/?page_id=16\" \/>\n<meta property=\"og:site_name\" content=\"Gemeinschaftspraxis Wemmetsweiler\" \/>\n<meta property=\"article:modified_time\" content=\"2025-11-12T10:42:26+00:00\" \/>\n<meta name=\"twitter:card\" content=\"summary_large_image\" \/>\n<meta name=\"twitter:label1\" content=\"Gesch\u00e4tzte Lesezeit\" \/>\n\t<meta name=\"twitter:data1\" content=\"2\u00a0Minuten\" \/>\n<script type=\"application\/ld+json\" class=\"yoast-schema-graph\">{\"@context\":\"https:\/\/schema.org\",\"@graph\":[{\"@type\":\"WebPage\",\"@id\":\"https:\/\/www.gemeinschaftspraxis-wemmetsweiler.de\/?page_id=16\",\"url\":\"https:\/\/www.gemeinschaftspraxis-wemmetsweiler.de\/?page_id=16\",\"name\":\"Dr Wilhelm Schwenk\u200b - Gemeinschaftspraxis Wemmetsweiler\",\"isPartOf\":{\"@id\":\"https:\/\/www.gemeinschaftspraxis-wemmetsweiler.de\/#website\"},\"datePublished\":\"2025-08-07T09:53:42+00:00\",\"dateModified\":\"2025-11-12T10:42:26+00:00\",\"breadcrumb\":{\"@id\":\"https:\/\/www.gemeinschaftspraxis-wemmetsweiler.de\/?page_id=16#breadcrumb\"},\"inLanguage\":\"de\",\"potentialAction\":[{\"@type\":\"ReadAction\",\"target\":[\"https:\/\/www.gemeinschaftspraxis-wemmetsweiler.de\/?page_id=16\"]}]},{\"@type\":\"BreadcrumbList\",\"@id\":\"https:\/\/www.gemeinschaftspraxis-wemmetsweiler.de\/?page_id=16#breadcrumb\",\"itemListElement\":[{\"@type\":\"ListItem\",\"position\":1,\"name\":\"Startseite\",\"item\":\"https:\/\/www.gemeinschaftspraxis-wemmetsweiler.de\/\"},{\"@type\":\"ListItem\",\"position\":2,\"name\":\"Dr Wilhelm Schwenk\u200b\"}]},{\"@type\":\"WebSite\",\"@id\":\"https:\/\/www.gemeinschaftspraxis-wemmetsweiler.de\/#website\",\"url\":\"https:\/\/www.gemeinschaftspraxis-wemmetsweiler.de\/\",\"name\":\"Gemeinschaftspraxis Wemmetsweiler\",\"description\":\"\",\"potentialAction\":[{\"@type\":\"SearchAction\",\"target\":{\"@type\":\"EntryPoint\",\"urlTemplate\":\"https:\/\/www.gemeinschaftspraxis-wemmetsweiler.de\/?s={search_term_string}\"},\"query-input\":{\"@type\":\"PropertyValueSpecification\",\"valueRequired\":true,\"valueName\":\"search_term_string\"}}],\"inLanguage\":\"de\"}]}<\/script>\n<!-- \/ Yoast SEO plugin. -->","yoast_head_json":{"title":"Dr Wilhelm Schwenk\u200b - Gemeinschaftspraxis Wemmetsweiler","robots":{"index":"index","follow":"follow","max-snippet":"max-snippet:-1","max-image-preview":"max-image-preview:large","max-video-preview":"max-video-preview:-1"},"canonical":"https:\/\/www.gemeinschaftspraxis-wemmetsweiler.de\/?page_id=16","og_locale":"de_DE","og_type":"article","og_title":"Dr Wilhelm Schwenk\u200b - Gemeinschaftspraxis Wemmetsweiler","og_description":"Dr. med. Ruth Wilhelm-Schwenk Studium der Medizin an der Universit\u00e4t des Saarlandes, Homburg, Abschluss: \u00c4rztliche Pr\u00fcfung (12.10.1995-30.10.2001) Praktisches Jahr: Tertial P\u00e4diatrie in der Kinderklinik Kohlhof Tertial Urologische Chirurgie an der Universit\u00e4tsklinik und Transplantationszentrum Nancy Tertial Innere Medizin im St\u00e4dtischen Krankenhaus Neunkirchen Klinikum Saarbr\u00fccken Facharztausbildung Innere Medizin 6 Jahre Medizinische Klinik I (Gastroenterologie, Hepatologie, Stoffwechsel- und [&hellip;]","og_url":"https:\/\/www.gemeinschaftspraxis-wemmetsweiler.de\/?page_id=16","og_site_name":"Gemeinschaftspraxis Wemmetsweiler","article_modified_time":"2025-11-12T10:42:26+00:00","twitter_card":"summary_large_image","twitter_misc":{"Gesch\u00e4tzte Lesezeit":"2\u00a0Minuten"},"schema":{"@context":"https:\/\/schema.org","@graph":[{"@type":"WebPage","@id":"https:\/\/www.gemeinschaftspraxis-wemmetsweiler.de\/?page_id=16","url":"https:\/\/www.gemeinschaftspraxis-wemmetsweiler.de\/?page_id=16","name":"Dr Wilhelm Schwenk\u200b - Gemeinschaftspraxis Wemmetsweiler","isPartOf":{"@id":"https:\/\/www.gemeinschaftspraxis-wemmetsweiler.de\/#website"},"datePublished":"2025-08-07T09:53:42+00:00","dateModified":"2025-11-12T10:42:26+00:00","breadcrumb":{"@id":"https:\/\/www.gemeinschaftspraxis-wemmetsweiler.de\/?page_id=16#breadcrumb"},"inLanguage":"de","potentialAction":[{"@type":"ReadAction","target":["https:\/\/www.gemeinschaftspraxis-wemmetsweiler.de\/?page_id=16"]}]},{"@type":"BreadcrumbList","@id":"https:\/\/www.gemeinschaftspraxis-wemmetsweiler.de\/?page_id=16#breadcrumb","itemListElement":[{"@type":"ListItem","position":1,"name":"Startseite","item":"https:\/\/www.gemeinschaftspraxis-wemmetsweiler.de\/"},{"@type":"ListItem","position":2,"name":"Dr Wilhelm Schwenk\u200b"}]},{"@type":"WebSite","@id":"https:\/\/www.gemeinschaftspraxis-wemmetsweiler.de\/#website","url":"https:\/\/www.gemeinschaftspraxis-wemmetsweiler.de\/","name":"Gemeinschaftspraxis Wemmetsweiler","description":"","potentialAction":[{"@type":"SearchAction","target":{"@type":"EntryPoint","urlTemplate":"https:\/\/www.gemeinschaftspraxis-wemmetsweiler.de\/?s={search_term_string}"},"query-input":{"@type":"PropertyValueSpecification","valueRequired":true,"valueName":"search_term_string"}}],"inLanguage":"de"}]}},"_links":{"self":[{"href":"https:\/\/www.gemeinschaftspraxis-wemmetsweiler.de\/index.php?rest_route=\/wp\/v2\/pages\/16","targetHints":{"allow":["GET"]}}],"collection":[{"href":"https:\/\/www.gemeinschaftspraxis-wemmetsweiler.de\/index.php?rest_route=\/wp\/v2\/pages"}],"about":[{"href":"https:\/\/www.gemeinschaftspraxis-wemmetsweiler.de\/index.php?rest_route=\/wp\/v2\/types\/page"}],"author":[{"embeddable":true,"href":"https:\/\/www.gemeinschaftspraxis-wemmetsweiler.de\/index.php?rest_route=\/wp\/v2\/users\/2"}],"replies":[{"embeddable":true,"href":"https:\/\/www.gemeinschaftspraxis-wemmetsweiler.de\/index.php?rest_route=%2Fwp%2Fv2%2Fcomments&post=16"}],"version-history":[{"count":9,"href":"https:\/\/www.gemeinschaftspraxis-wemmetsweiler.de\/index.php?rest_route=\/wp\/v2\/pages\/16\/revisions"}],"predecessor-version":[{"id":527,"href":"https:\/\/www.gemeinschaftspraxis-wemmetsweiler.de\/index.php?rest_route=\/wp\/v2\/pages\/16\/revisions\/527"}],"wp:attachment":[{"href":"https:\/\/www.gemeinschaftspraxis-wemmetsweiler.de\/index.php?rest_route=%2Fwp%2Fv2%2Fmedia&parent=16"}],"curies":[{"name":"wp","href":"https:\/\/api.w.org\/{rel}","templated":true}]}}