{"id":125,"date":"2025-08-20T09:19:44","date_gmt":"2025-08-20T09:19:44","guid":{"rendered":"https:\/\/www.gemeinschaftspraxis-wemmetsweiler.de\/?page_id=125"},"modified":"2025-11-06T13:13:30","modified_gmt":"2025-11-06T13:13:30","slug":"dr-petra-kappel","status":"publish","type":"page","link":"https:\/\/www.gemeinschaftspraxis-wemmetsweiler.de\/?page_id=125","title":{"rendered":"Dr Petra Kappel"},"content":{"rendered":"<div class=\"\" style=\"\" >\n    \n    <section class=\"u-clearfix u-section-2\" id=\"block-1\">\n      <div class=\"u-clearfix u-sheet u-sheet-1\">\n        <div class=\"u-container-style u-expanded-width u-grey-10 u-group u-radius u-group-1\">\n          <div class=\"u-container-layout u-container-layout-1\">\n            <p class=\"u-text u-text-default u-text-1\"> Dr. med. Petra Kappel<\/p>\n            <img decoding=\"async\" class=\"u-border-2 u-border-grey-75 u-image u-image-round u-radius u-image-1\" src=\"https:\/\/www.gemeinschaftspraxis-wemmetsweiler.de\/wp-content\/uploads\/2025\/10\/petrakappelKopie.webp\" alt=\"\" data-image-width=\"300\" data-image-height=\"300\">\n            <p class=\"u-text u-text-2\"> Pers\u00f6nliche Daten:&nbsp;&nbsp;<br>\n              <br><span style=\"font-weight: 700;\"><\/span><span style=\"font-weight: 700;\">Berufsausbildung:<\/span>\n            <\/p>\n            <p class=\"u-text u-text-3\"> 1985 - 1987&nbsp;&nbsp;&nbsp;&nbsp;&nbsp;&nbsp;&nbsp;&nbsp;&nbsp;&nbsp;&nbsp;&nbsp;&nbsp;&nbsp;&nbsp; Ausbildung zur MTLA&nbsp; Institut f\u00fcr Hygiene und&nbsp;Infektionskrankheiten \/ Saarbr\u00fccken\u200b&nbsp; &nbsp; &nbsp; &nbsp; &nbsp; &nbsp; &nbsp; &nbsp; &nbsp; &nbsp;&nbsp;<br>1987 - 1988&nbsp;&nbsp;&nbsp;&nbsp;&nbsp;&nbsp;&nbsp;&nbsp;&nbsp;&nbsp;&nbsp;&nbsp;&nbsp;&nbsp;&nbsp; MTLA im Sonderforschungsbereich 246 (Intrazellul\u00e4re Kommunikation und&nbsp; &nbsp; &nbsp; &nbsp; &nbsp; &nbsp; &nbsp; &nbsp; &nbsp; &nbsp; &nbsp; &nbsp; &nbsp; &nbsp; &nbsp; &nbsp; &nbsp; &nbsp; &nbsp; &nbsp; &nbsp; &nbsp; &nbsp; &nbsp; &nbsp; &nbsp; &nbsp; &nbsp; &nbsp; &nbsp; &nbsp; &nbsp; &nbsp; &nbsp; &nbsp; &nbsp; &nbsp; Proteinphosphorylierung) an der Universit\u00e4t des Saarlandes in Homburg<br>1988 - 1991&nbsp;&nbsp;&nbsp;&nbsp;&nbsp;&nbsp;&nbsp;&nbsp;&nbsp;&nbsp;&nbsp;&nbsp;&nbsp;&nbsp;&nbsp; MTLA im Zentrallabor des St. Josef Krankenhauses in Dudweiler<br>1996 - 1997&nbsp; &nbsp; &nbsp; &nbsp; &nbsp; &nbsp; &nbsp; &nbsp; Bereitschaftsdienste als MTLA im Kreiskrankenhaus St. Ingbert<br>\n              <br><span style=\"font-weight: 700;\">Studium:<\/span>\n              <br>\n              <br>1992 - 1999&nbsp;&nbsp;&nbsp;&nbsp;&nbsp;&nbsp;&nbsp;&nbsp;&nbsp;&nbsp;&nbsp;&nbsp;&nbsp;&nbsp;&nbsp;&nbsp; Studium der Humanmedizin an der Universit\u00e4t des Saarlandes<br>1994&nbsp;&nbsp;&nbsp;&nbsp;&nbsp;&nbsp;&nbsp;&nbsp;&nbsp;&nbsp;&nbsp;&nbsp;&nbsp;&nbsp;&nbsp;&nbsp;&nbsp;&nbsp;&nbsp;&nbsp;&nbsp;&nbsp;&nbsp;&nbsp;&nbsp;&nbsp;&nbsp;&nbsp; \u00c4rztliche Vorpr\u00fcfung<br>1995&nbsp;&nbsp;&nbsp;&nbsp;&nbsp;&nbsp;&nbsp;&nbsp;&nbsp;&nbsp;&nbsp;&nbsp;&nbsp;&nbsp;&nbsp;&nbsp;&nbsp;&nbsp;&nbsp;&nbsp;&nbsp;&nbsp;&nbsp;&nbsp;&nbsp;&nbsp;&nbsp;&nbsp; 1. Staatsexamen<br>1998&nbsp;&nbsp;&nbsp;&nbsp;&nbsp;&nbsp;&nbsp;&nbsp;&nbsp;&nbsp;&nbsp;&nbsp;&nbsp;&nbsp;&nbsp;&nbsp;&nbsp;&nbsp;&nbsp;&nbsp;&nbsp;&nbsp;&nbsp;&nbsp;&nbsp;&nbsp;&nbsp;&nbsp; 2. Staatsexamen<br>1998&nbsp;&nbsp;&nbsp;&nbsp;&nbsp;&nbsp;&nbsp;&nbsp;&nbsp;&nbsp;&nbsp;&nbsp;&nbsp;&nbsp;&nbsp;&nbsp;&nbsp;&nbsp;&nbsp;&nbsp;&nbsp;&nbsp;&nbsp;&nbsp;&nbsp;&nbsp;&nbsp;&nbsp; Praktisches Jahr an der Universit\u00e4tsklinik in Homburg<br>&nbsp;&nbsp;&nbsp;&nbsp;&nbsp;&nbsp;&nbsp;&nbsp;&nbsp;&nbsp;&nbsp;&nbsp;&nbsp;&nbsp;&nbsp;&nbsp;&nbsp;&nbsp;&nbsp;&nbsp;&nbsp;&nbsp;&nbsp;&nbsp;&nbsp;&nbsp;&nbsp;&nbsp;&nbsp;&nbsp;&nbsp;&nbsp;&nbsp;&nbsp;&nbsp;&nbsp;&nbsp;&nbsp;&nbsp;&nbsp;&nbsp;&nbsp;&nbsp;&nbsp;&nbsp;1. Fach: Innere Medizin, Fachgebiet Kardiologie<br>&nbsp;&nbsp;&nbsp;&nbsp;&nbsp;&nbsp;&nbsp;&nbsp;&nbsp;&nbsp;&nbsp;&nbsp;&nbsp;&nbsp;&nbsp;&nbsp;&nbsp;&nbsp;&nbsp;&nbsp;&nbsp;&nbsp;&nbsp;&nbsp;&nbsp;&nbsp;&nbsp;&nbsp;&nbsp;&nbsp;&nbsp;&nbsp;&nbsp;&nbsp;&nbsp;&nbsp;&nbsp;&nbsp;&nbsp;&nbsp;&nbsp;&nbsp; &nbsp;&nbsp;2. Fach: Chirurgie, Fachgebiet Herz-Thorax-Chirurgie<br>&nbsp;&nbsp;&nbsp;&nbsp;&nbsp;&nbsp;&nbsp;&nbsp;&nbsp;&nbsp;&nbsp;&nbsp;&nbsp;&nbsp;&nbsp;&nbsp;&nbsp;&nbsp;&nbsp;&nbsp;&nbsp;&nbsp;&nbsp;&nbsp;&nbsp;&nbsp;&nbsp;&nbsp;&nbsp;&nbsp;&nbsp;&nbsp;&nbsp;&nbsp;&nbsp;&nbsp;&nbsp;&nbsp;&nbsp;&nbsp;&nbsp;&nbsp; &nbsp;&nbsp;3. Fach: Orthop\u00e4die<br>April 1999&nbsp; &nbsp; &nbsp; &nbsp; &nbsp; &nbsp; &nbsp; &nbsp; &nbsp; 3. Staatsexamen\n            <\/p>\n            <p class=\"u-text u-text-4\"> Berufliche Laufbahn:<\/p>\n            <p class=\"u-text u-text-5\"> Juni 1999 - Okt. 2002&nbsp; &nbsp; &nbsp; &nbsp; &nbsp; &nbsp;<span style=\"font-weight: 700;\">Assistenz\u00e4rztin&nbsp;<\/span>in der&nbsp;<span style=\"font-weight: 700;\">kardiologischen Abteilung<\/span>&nbsp;der Elisabeth Klinik \/ Saarlouis&nbsp;<br>&nbsp; &nbsp; &nbsp; &nbsp; &nbsp; &nbsp; &nbsp; &nbsp; &nbsp; &nbsp; &nbsp; &nbsp; &nbsp; &nbsp; &nbsp; &nbsp; &nbsp; &nbsp; &nbsp; &nbsp; &nbsp; &nbsp; &nbsp; &nbsp; &nbsp; &nbsp;(Chefarzt Herrn Dr.med. W. Blank)&nbsp; &nbsp; &nbsp; &nbsp; &nbsp; &nbsp; &nbsp; &nbsp; &nbsp; &nbsp; &nbsp; &nbsp; &nbsp; &nbsp; &nbsp; &nbsp;&nbsp; &nbsp; &nbsp; &nbsp; &nbsp;<br>Nov. 2002 - Juli 2008&nbsp; &nbsp; &nbsp; &nbsp; &nbsp; &nbsp;\u00c4rztin im Jugend\u00e4rztlichen Dienst&nbsp;\/ Gesundheitsamt St. Wendel,<br>Dez. 2002 - M\u00e4rz 2003&nbsp; &nbsp; &nbsp; &nbsp; &nbsp; psychiatrische Zusatzausbildung&nbsp;\/ Klinik f\u00fcr Psychiatrie und Psychotherapie Marienkrankenhaus St. Wendel&nbsp; &nbsp; &nbsp; &nbsp; &nbsp; &nbsp; &nbsp; &nbsp; &nbsp; &nbsp; &nbsp; &nbsp; &nbsp; &nbsp; &nbsp; &nbsp; &nbsp; &nbsp; &nbsp; &nbsp; &nbsp; &nbsp; &nbsp; &nbsp; &nbsp; &nbsp; &nbsp; &nbsp; &nbsp; &nbsp; &nbsp; &nbsp;(Chefarzt Priv.- Doz. Dr. med. Dipl.- Psych. D. Caspari)<br>April 2006 - Dez. 2006&nbsp; &nbsp; &nbsp; &nbsp; &nbsp; <span style=\"font-weight: 700;\">Lehrgang und Pr\u00fcfung f\u00fcr den h\u00f6heren Gesundheitsdienst&nbsp;&nbsp;<\/span>&nbsp;&nbsp;&nbsp;&nbsp;&nbsp;&nbsp;&nbsp;&nbsp;&nbsp;&nbsp;&nbsp;&nbsp;&nbsp;&nbsp;&nbsp;&nbsp;&nbsp;&nbsp;&nbsp;&nbsp;&nbsp;&nbsp;&nbsp;&nbsp;&nbsp;&nbsp;&nbsp;&nbsp;&nbsp;&nbsp;&nbsp;&nbsp;&nbsp;&nbsp;&nbsp;&nbsp;<br>&nbsp; &nbsp; &nbsp; &nbsp; &nbsp; &nbsp; &nbsp; &nbsp; &nbsp; &nbsp; &nbsp; &nbsp; &nbsp; &nbsp; &nbsp; &nbsp; &nbsp; &nbsp; &nbsp; &nbsp; &nbsp; &nbsp; &nbsp; &nbsp; &nbsp; &nbsp;Bayrisches Staatsministerium f\u00fcr Umwelt, Gesundheit und Verbraucherschutz \/ M\u00fcnchen<br>Sept. 2007&nbsp; &nbsp; &nbsp; &nbsp; &nbsp; &nbsp; &nbsp; &nbsp; &nbsp; &nbsp; &nbsp; &nbsp; &nbsp; &nbsp; &nbsp; &nbsp;&nbsp;<span style=\"font-weight: 700;\">Fach\u00e4rztin f\u00fcr \u00d6ffentliches Gesundheitswesen<\/span>\n              <br>seit Aug. 2009&nbsp; &nbsp; &nbsp; &nbsp; &nbsp; &nbsp; &nbsp; &nbsp; &nbsp; &nbsp; &nbsp; &nbsp; &nbsp;Weiterbildungsassistentin in Praxis D\u00f6rr\/D\u00f6rr\/Wilhelm-Schwenk in Wemmetsweiler<br>Aug. 2011&nbsp; &nbsp; &nbsp; &nbsp; &nbsp; &nbsp; &nbsp; &nbsp; &nbsp; &nbsp; &nbsp; &nbsp; &nbsp; &nbsp; &nbsp; &nbsp; &nbsp;&nbsp;<span style=\"font-weight: 700;\">Fach\u00e4rztin f\u00fcr Allgemeinmedizin<\/span>\n            <\/p>\n            <p class=\"u-text u-text-6\"> Promotion:<\/p>\n            <p class=\"u-text u-text-7\"> 1998 - 2002&nbsp; &nbsp; &nbsp; &nbsp; &nbsp; &nbsp; &nbsp; &nbsp; &nbsp; &nbsp; &nbsp; &nbsp; &nbsp; &nbsp; &nbsp; Promotion&nbsp;im Fachbereich Orthop\u00e4die (Chefarzt Herrn Prof. Dr. med. D. Kohn), Thema: Pr\u00e4valenz,&nbsp; &nbsp; &nbsp; &nbsp; &nbsp; &nbsp; &nbsp; &nbsp; &nbsp; &nbsp; &nbsp; &nbsp; &nbsp; &nbsp; &nbsp; &nbsp; &nbsp; &nbsp; &nbsp; &nbsp; &nbsp; &nbsp; &nbsp; &nbsp; &nbsp; &nbsp; &nbsp; &nbsp; &nbsp; &nbsp; &nbsp; &nbsp; &nbsp; &nbsp; &nbsp; &nbsp; &nbsp; &nbsp; &nbsp; &nbsp; &nbsp; &nbsp; &nbsp; &nbsp; &nbsp;intraartikul\u00e4re Begleitpathologie und operative Therapien von Poplitealzysten im Kindes- und Erwachsenenalter<\/p>\n            <p class=\"u-text u-text-8\"> Zusatzqualifikationen: <\/p>\n            <p class=\"u-text u-text-9\"> Sept. 1999&nbsp; &nbsp; &nbsp; &nbsp; &nbsp; &nbsp; &nbsp; &nbsp; &nbsp; &nbsp; &nbsp; &nbsp; &nbsp; &nbsp; &nbsp; &nbsp; Grund- und Spezialkurs im Strahlenschutz f\u00fcr Mediziner in Saarlouis<br>Juni 2000&nbsp; &nbsp; &nbsp; &nbsp; &nbsp; &nbsp; &nbsp; &nbsp; &nbsp; &nbsp; &nbsp; &nbsp; &nbsp; &nbsp; &nbsp; &nbsp;<span style=\"font-weight: 700;\"> Fachkundenachweis Rettungsdienst und Notfallmedizin<\/span>\n              <br>Okt. 2001&nbsp; &nbsp; &nbsp; &nbsp; &nbsp; &nbsp; &nbsp; &nbsp; &nbsp; &nbsp; &nbsp; &nbsp; &nbsp; &nbsp; &nbsp; &nbsp; &nbsp;Teilnahme am Farbdopplerechokardiographie-Kurs des Berufsverbands Deutscher Internisten in Bad Pyrmont<br>Mai 2002&nbsp; &nbsp; &nbsp; &nbsp; &nbsp; &nbsp; &nbsp; &nbsp; &nbsp; &nbsp; &nbsp; &nbsp; &nbsp; &nbsp; &nbsp; &nbsp; &nbsp;Teilnahme am Farbduplex- und Dopplersonographie-Grundkurs in Mannheim \/ DEGUM<br>Juli 2009&nbsp; &nbsp; &nbsp; &nbsp; &nbsp; &nbsp; &nbsp; &nbsp; &nbsp; &nbsp; &nbsp; &nbsp; &nbsp; &nbsp; &nbsp; &nbsp; &nbsp;Aufbaukurs f\u00fcr Ultraschalldiagnostik Klinik M\u00fcnchen\/Perlach \/ DEGUM<br>Okt. 2014&nbsp; &nbsp; &nbsp; &nbsp; &nbsp; &nbsp; &nbsp; &nbsp; &nbsp; &nbsp; &nbsp; &nbsp; &nbsp; &nbsp; &nbsp; &nbsp; &nbsp;<span style=\"font-weight: 700;\">Spezielle Schmerztherapie<\/span>&nbsp;Kompaktseminar \/ Westerland<br>Nov 2014&nbsp; &nbsp; &nbsp; &nbsp; &nbsp; &nbsp; &nbsp; &nbsp; &nbsp; &nbsp; &nbsp; &nbsp; &nbsp; &nbsp; &nbsp; &nbsp; &nbsp;<span style=\"font-weight: 700;\">Zusatzbezeichnung Akupunktur<\/span>\n              <br>Feb 2024&nbsp; &nbsp; &nbsp; &nbsp; &nbsp; &nbsp; &nbsp; &nbsp; &nbsp; &nbsp; &nbsp; &nbsp; &nbsp; &nbsp; &nbsp; &nbsp; &nbsp;<span style=\"font-weight: 700;\">Zusatzbezeichnung Palliativmedizin <\/span>\n            <\/p>\n          <\/div>\n        <\/div>\n      <\/div>\n    <\/section>\n    \n    \n    \n  \n<\/div>","protected":false},"excerpt":{"rendered":"<p>Dr. med. Petra Kappel Pers\u00f6nliche Daten:&nbsp;&nbsp; Berufsausbildung: 1985 &#8211; 1987&nbsp;&nbsp;&nbsp;&nbsp;&nbsp;&nbsp;&nbsp;&nbsp;&nbsp;&nbsp;&nbsp;&nbsp;&nbsp;&nbsp;&nbsp; Ausbildung zur MTLA&nbsp; Institut f\u00fcr Hygiene und&nbsp;Infektionskrankheiten \/ Saarbr\u00fccken\u200b&nbsp; &nbsp; &nbsp; &nbsp; &nbsp; &nbsp; &nbsp; &nbsp; &nbsp; &nbsp;&nbsp;1987 &#8211; 1988&nbsp;&nbsp;&nbsp;&nbsp;&nbsp;&nbsp;&nbsp;&nbsp;&nbsp;&nbsp;&nbsp;&nbsp;&nbsp;&nbsp;&nbsp; MTLA im Sonderforschungsbereich 246 (Intrazellul\u00e4re Kommunikation und&nbsp; &nbsp; &nbsp; &nbsp; &nbsp; &nbsp; &nbsp; &nbsp; &nbsp; &nbsp; &nbsp; &nbsp; &nbsp; &nbsp; &nbsp; &nbsp; &nbsp; &nbsp; &nbsp; [&hellip;]<\/p>\n","protected":false},"author":2,"featured_media":0,"parent":0,"menu_order":0,"comment_status":"closed","ping_status":"closed","template":"","meta":{"footnotes":""},"class_list":["post-125","page","type-page","status-publish","hentry"],"yoast_head":"<!-- This site is optimized with the Yoast SEO plugin v26.3 - https:\/\/yoast.com\/wordpress\/plugins\/seo\/ -->\n<title>Dr Petra Kappel - Gemeinschaftspraxis Wemmetsweiler<\/title>\n<meta name=\"robots\" content=\"index, follow, max-snippet:-1, max-image-preview:large, max-video-preview:-1\" \/>\n<link rel=\"canonical\" href=\"https:\/\/www.gemeinschaftspraxis-wemmetsweiler.de\/?page_id=125\" \/>\n<meta property=\"og:locale\" content=\"de_DE\" \/>\n<meta property=\"og:type\" content=\"article\" \/>\n<meta property=\"og:title\" content=\"Dr Petra Kappel - Gemeinschaftspraxis Wemmetsweiler\" \/>\n<meta property=\"og:description\" content=\"Dr. med. Petra Kappel Pers\u00f6nliche Daten:&nbsp;&nbsp; Berufsausbildung: 1985 - 1987&nbsp;&nbsp;&nbsp;&nbsp;&nbsp;&nbsp;&nbsp;&nbsp;&nbsp;&nbsp;&nbsp;&nbsp;&nbsp;&nbsp;&nbsp; Ausbildung zur MTLA&nbsp; Institut f\u00fcr Hygiene und&nbsp;Infektionskrankheiten \/ Saarbr\u00fccken\u200b&nbsp; &nbsp; &nbsp; &nbsp; &nbsp; &nbsp; &nbsp; &nbsp; &nbsp; &nbsp;&nbsp;1987 - 1988&nbsp;&nbsp;&nbsp;&nbsp;&nbsp;&nbsp;&nbsp;&nbsp;&nbsp;&nbsp;&nbsp;&nbsp;&nbsp;&nbsp;&nbsp; MTLA im Sonderforschungsbereich 246 (Intrazellul\u00e4re Kommunikation und&nbsp; &nbsp; &nbsp; &nbsp; &nbsp; &nbsp; &nbsp; &nbsp; &nbsp; &nbsp; &nbsp; &nbsp; &nbsp; &nbsp; &nbsp; &nbsp; &nbsp; &nbsp; &nbsp; [&hellip;]\" \/>\n<meta property=\"og:url\" content=\"https:\/\/www.gemeinschaftspraxis-wemmetsweiler.de\/?page_id=125\" \/>\n<meta property=\"og:site_name\" content=\"Gemeinschaftspraxis Wemmetsweiler\" \/>\n<meta property=\"article:modified_time\" content=\"2025-11-06T13:13:30+00:00\" \/>\n<meta name=\"twitter:card\" content=\"summary_large_image\" \/>\n<meta name=\"twitter:label1\" content=\"Gesch\u00e4tzte Lesezeit\" \/>\n\t<meta name=\"twitter:data1\" content=\"2\u00a0Minuten\" \/>\n<script type=\"application\/ld+json\" class=\"yoast-schema-graph\">{\"@context\":\"https:\/\/schema.org\",\"@graph\":[{\"@type\":\"WebPage\",\"@id\":\"https:\/\/www.gemeinschaftspraxis-wemmetsweiler.de\/?page_id=125\",\"url\":\"https:\/\/www.gemeinschaftspraxis-wemmetsweiler.de\/?page_id=125\",\"name\":\"Dr Petra Kappel - Gemeinschaftspraxis Wemmetsweiler\",\"isPartOf\":{\"@id\":\"https:\/\/www.gemeinschaftspraxis-wemmetsweiler.de\/#website\"},\"datePublished\":\"2025-08-20T09:19:44+00:00\",\"dateModified\":\"2025-11-06T13:13:30+00:00\",\"breadcrumb\":{\"@id\":\"https:\/\/www.gemeinschaftspraxis-wemmetsweiler.de\/?page_id=125#breadcrumb\"},\"inLanguage\":\"de\",\"potentialAction\":[{\"@type\":\"ReadAction\",\"target\":[\"https:\/\/www.gemeinschaftspraxis-wemmetsweiler.de\/?page_id=125\"]}]},{\"@type\":\"BreadcrumbList\",\"@id\":\"https:\/\/www.gemeinschaftspraxis-wemmetsweiler.de\/?page_id=125#breadcrumb\",\"itemListElement\":[{\"@type\":\"ListItem\",\"position\":1,\"name\":\"Startseite\",\"item\":\"https:\/\/www.gemeinschaftspraxis-wemmetsweiler.de\/\"},{\"@type\":\"ListItem\",\"position\":2,\"name\":\"Dr Petra Kappel\"}]},{\"@type\":\"WebSite\",\"@id\":\"https:\/\/www.gemeinschaftspraxis-wemmetsweiler.de\/#website\",\"url\":\"https:\/\/www.gemeinschaftspraxis-wemmetsweiler.de\/\",\"name\":\"Gemeinschaftspraxis Wemmetsweiler\",\"description\":\"\",\"potentialAction\":[{\"@type\":\"SearchAction\",\"target\":{\"@type\":\"EntryPoint\",\"urlTemplate\":\"https:\/\/www.gemeinschaftspraxis-wemmetsweiler.de\/?s={search_term_string}\"},\"query-input\":{\"@type\":\"PropertyValueSpecification\",\"valueRequired\":true,\"valueName\":\"search_term_string\"}}],\"inLanguage\":\"de\"}]}<\/script>\n<!-- \/ Yoast SEO plugin. -->","yoast_head_json":{"title":"Dr Petra Kappel - Gemeinschaftspraxis Wemmetsweiler","robots":{"index":"index","follow":"follow","max-snippet":"max-snippet:-1","max-image-preview":"max-image-preview:large","max-video-preview":"max-video-preview:-1"},"canonical":"https:\/\/www.gemeinschaftspraxis-wemmetsweiler.de\/?page_id=125","og_locale":"de_DE","og_type":"article","og_title":"Dr Petra Kappel - Gemeinschaftspraxis Wemmetsweiler","og_description":"Dr. med. Petra Kappel Pers\u00f6nliche Daten:&nbsp;&nbsp; Berufsausbildung: 1985 - 1987&nbsp;&nbsp;&nbsp;&nbsp;&nbsp;&nbsp;&nbsp;&nbsp;&nbsp;&nbsp;&nbsp;&nbsp;&nbsp;&nbsp;&nbsp; Ausbildung zur MTLA&nbsp; Institut f\u00fcr Hygiene und&nbsp;Infektionskrankheiten \/ Saarbr\u00fccken\u200b&nbsp; &nbsp; &nbsp; &nbsp; &nbsp; &nbsp; &nbsp; &nbsp; &nbsp; &nbsp;&nbsp;1987 - 1988&nbsp;&nbsp;&nbsp;&nbsp;&nbsp;&nbsp;&nbsp;&nbsp;&nbsp;&nbsp;&nbsp;&nbsp;&nbsp;&nbsp;&nbsp; MTLA im Sonderforschungsbereich 246 (Intrazellul\u00e4re Kommunikation und&nbsp; &nbsp; &nbsp; &nbsp; &nbsp; &nbsp; &nbsp; &nbsp; &nbsp; &nbsp; &nbsp; &nbsp; &nbsp; &nbsp; &nbsp; &nbsp; &nbsp; &nbsp; &nbsp; [&hellip;]","og_url":"https:\/\/www.gemeinschaftspraxis-wemmetsweiler.de\/?page_id=125","og_site_name":"Gemeinschaftspraxis Wemmetsweiler","article_modified_time":"2025-11-06T13:13:30+00:00","twitter_card":"summary_large_image","twitter_misc":{"Gesch\u00e4tzte Lesezeit":"2\u00a0Minuten"},"schema":{"@context":"https:\/\/schema.org","@graph":[{"@type":"WebPage","@id":"https:\/\/www.gemeinschaftspraxis-wemmetsweiler.de\/?page_id=125","url":"https:\/\/www.gemeinschaftspraxis-wemmetsweiler.de\/?page_id=125","name":"Dr Petra Kappel - Gemeinschaftspraxis Wemmetsweiler","isPartOf":{"@id":"https:\/\/www.gemeinschaftspraxis-wemmetsweiler.de\/#website"},"datePublished":"2025-08-20T09:19:44+00:00","dateModified":"2025-11-06T13:13:30+00:00","breadcrumb":{"@id":"https:\/\/www.gemeinschaftspraxis-wemmetsweiler.de\/?page_id=125#breadcrumb"},"inLanguage":"de","potentialAction":[{"@type":"ReadAction","target":["https:\/\/www.gemeinschaftspraxis-wemmetsweiler.de\/?page_id=125"]}]},{"@type":"BreadcrumbList","@id":"https:\/\/www.gemeinschaftspraxis-wemmetsweiler.de\/?page_id=125#breadcrumb","itemListElement":[{"@type":"ListItem","position":1,"name":"Startseite","item":"https:\/\/www.gemeinschaftspraxis-wemmetsweiler.de\/"},{"@type":"ListItem","position":2,"name":"Dr Petra Kappel"}]},{"@type":"WebSite","@id":"https:\/\/www.gemeinschaftspraxis-wemmetsweiler.de\/#website","url":"https:\/\/www.gemeinschaftspraxis-wemmetsweiler.de\/","name":"Gemeinschaftspraxis Wemmetsweiler","description":"","potentialAction":[{"@type":"SearchAction","target":{"@type":"EntryPoint","urlTemplate":"https:\/\/www.gemeinschaftspraxis-wemmetsweiler.de\/?s={search_term_string}"},"query-input":{"@type":"PropertyValueSpecification","valueRequired":true,"valueName":"search_term_string"}}],"inLanguage":"de"}]}},"_links":{"self":[{"href":"https:\/\/www.gemeinschaftspraxis-wemmetsweiler.de\/index.php?rest_route=\/wp\/v2\/pages\/125","targetHints":{"allow":["GET"]}}],"collection":[{"href":"https:\/\/www.gemeinschaftspraxis-wemmetsweiler.de\/index.php?rest_route=\/wp\/v2\/pages"}],"about":[{"href":"https:\/\/www.gemeinschaftspraxis-wemmetsweiler.de\/index.php?rest_route=\/wp\/v2\/types\/page"}],"author":[{"embeddable":true,"href":"https:\/\/www.gemeinschaftspraxis-wemmetsweiler.de\/index.php?rest_route=\/wp\/v2\/users\/2"}],"replies":[{"embeddable":true,"href":"https:\/\/www.gemeinschaftspraxis-wemmetsweiler.de\/index.php?rest_route=%2Fwp%2Fv2%2Fcomments&post=125"}],"version-history":[{"count":6,"href":"https:\/\/www.gemeinschaftspraxis-wemmetsweiler.de\/index.php?rest_route=\/wp\/v2\/pages\/125\/revisions"}],"predecessor-version":[{"id":515,"href":"https:\/\/www.gemeinschaftspraxis-wemmetsweiler.de\/index.php?rest_route=\/wp\/v2\/pages\/125\/revisions\/515"}],"wp:attachment":[{"href":"https:\/\/www.gemeinschaftspraxis-wemmetsweiler.de\/index.php?rest_route=%2Fwp%2Fv2%2Fmedia&parent=125"}],"curies":[{"name":"wp","href":"https:\/\/api.w.org\/{rel}","templated":true}]}}